 2164*c - 1309. Determine g(217).
-7
Let m(q) = -q**2 - 7*q - 27. Calculate m(9).
-171
Let c(p) = 164*p + 7580. What is c(-47)?
-128
Let p(j) = j**2 + 44*j + 192. What is p(-43)?
149
Let g(f) = -240*f + 12474. Determine g(52).
-6
Let f(c) = -c**2 + 30*c - 209. Give f(15).
16
Let h(k) = k**2 - 37*k - 301. Calculate h(44).
7
Let n(g) = 83*g - 5. Give n(0).
-5
Let h(n) = n**3 - 19*n**2 + 24*n - 98. Give h(18).
10
Let l(k) = 3*k**2 - 153*k - 99. Give l(51).
-99
Let a(b) = -29*b**2 - 125*b - 38. Give a(-4).
-2
Let r(h) = -5834*h + 29189. Determine r(5).
19
Let p(u) = 562*u + 564. Determine p(-1).
2
Let r(y) = -y**3 + 20*y**2 + 70*y - 34. What is r(23)?
-11
Let f(b) = 624*b - 4395. Calculate f(7).
-27
Let a(k) = -434*k + 2209. Calculate a(5).
39
Let f(x) = -x**3 + 21*x**2 - 59*x - 134. What is f(17)?
19
Let p(s) = 2727*s + 27319. Calculate p(-10).
49
Let b(n) = -4*n**2 + 4*n + 45. Determine b(-2).
21
Let w(l) = l**2 + 141*l + 4504. Calculate w(-49).
-4
Let l(x) = 306*x - 3677. Calculate l(12).
-5
Let r(y) = -162*y - 353. What is r(-4)?
295
Let h(n) = 212*n**2 - 30*n - 31. What is h(-1)?
211
Let h(a) = -45*a**2 - 34*a - 64. Give h(-2).
-176
Let j(l) = -l**2 + 70*l + 1279. Give j(85).
4
Let d(g) = 4*g**2 - 3*g + 7. Give d(7).
182
Let b(a) = -a**3 + 32*a**2 - 19*a + 352. Give b(32).
-256
Let r(p) = 64*p**3 + 15*p + 17. Determine r(-1).
-62
Let u(s) = s**2 + 49*s - 2116. What is u(-77)?
40
Let r(c) = -2*c**2 + 12*c + 120. Calculate r(-7).
-62
Let j(y) = -16*y - 147. What is j(-16)?
109
Let y(p) = p**3 + 74*p**2 + 138*p - 612. Give y(-72).
-180
Let x(v) = -1089*v + 6601. Calculate x(6).
67
Let b(f) = 4*f**3 + 24*f**2 + 17*f - 2. What is b(-8)?
-650
Let w(s) = -s**3 + 10*s**2 - 26*s + 81. Calculate w(8).
1
Let j(a) = 4*a**2 + 6*a - 173. Give j(-7).
-19
Let s(a) = -a**3 + 6*a**2 - 35*a + 250. What is s(7)?
-44
Let u(t) = 2*t**3 + 39*t**2 + 15*t + 52. What is u(-19)?
128
Let c(m) = -4*m + 204. Give c(0).
204
Let o(z) = 2*z**3 + 16*z**2 - 6*z - 11. What is o(-8)?
37
Let r(g) = 5*g**3 - 49*g**2 - 41*g + 322. What is r(10)?
12
Let c(p) = p**2 + 110*p + 2795. Calculate c(-68).
-61
Let f(b) = 4*b**3 + 32*b**2 + 20*b - 38. Calculate f(-7).
18
Let q(h) = h**3 + 79*h**2 - 413*h + 585. What is q(-84)?
-3
Let f(m) = -12*m + 269. What is f(28)?
-67
Let a(x) = 8*x - 76. Give a(-13).
-180
Let b(u) = 73*u - 5. Determine b(1).
68
Let y(n) = -2*n**3 - 53*n**2 - 15*n - 198. Determine y(-26).
-484
Let a(y) = 145*y - 234. Give a(2).
56
Let g(r) = 3*r**3 - 22*r**2 - 12*r + 121. Calculate g(7).
-12
Let j(m) = m**3 + 26*m**2 - 34*m - 1471. What is j(-25)?
4
Let y(g) = 33*g**3 - 308*g**2 + 96*g + 18. Give y(9).
-9
Let w(p) = p**2 + 28*p + 143. Determine w(-27).
116
Let w(m) = -55*m + 213. Give w(6).
-117
Let f(d) = -6*d**2 + 110*d + 204. Calculate f(20).
4
Let i(k) = 206*k + 2671. What is i(-13)?
-7
Let q(g) = g**2 - 33*g + 260. What is q(15)?
-10
Let b(w) = 2*w**3 - 5*w**2 - 82*w + 167. Determine b(2).
-1
Let o(q) = q**2 + 8*q - 112. Determine o(9).
41
Let s(x) = -x**3 + 29*x**2 - 179*x - 26. Calculate s(20).
-6
Let v(z) = 2*z**3 - 32*z**2 - 4*z + 52. Determine v(16).
-12
Let a(d) = -d**3 - 28*d**2 - 58*d - 94. Give a(-26).
62
Let v(m) = 64*m + 47. Calculate v(4).
303
Let k(u) = 9*u**2 - 18*u - 83. Calculate k(-4).
133
Let z(k) = 2*k**3 + 12*k**2 - 32*k + 12. Give z(-8).
12
Let a(n) = 232*n**3 + 7*n**2 + 2*n. Give a(-1).
-227
Let x(j) = 18*j**3 + 144*j**2 + 18*j + 132. What is x(-8)?
-12
Let j(m) = -566*m + 2825. Calculate j(5).
-5
Let q(b) = -83*b - 337. Give q(-4).
-5
Let v(z) = 7*z**3 - 11*z**2 - 47*z - 37. What is v(-1)?
-8
Let h(w) = -w**3 - 4*w**2 + 5*w - 117. What is h(-7)?
-5
Let a(z) = -5*z**2 + 246*z + 203. Give a(50).
3
Let y(p) = 4*p**2 - 87*p - 568. Give y(27).
-1
Let o(s) = 3*s**2 + 387*s - 39. Calculate o(-129).
-39
Let l(r) = 40*r - 180. Give l(6).
60
Let c(s) = 12*s + 185. Calculate c(-5).
125
Let w(v) = -130*v - 3680. What is w(-28)?
-40
Let z(m) = -46*m + 1181. What is z(32)?
-291
Let f(i) = -4780*i - 57354. Determine f(-12).
6
Let k(y) = -y**2 - 7875*y + 7875. Give k(1).
-1
Let y(g) = 14*g + 92. Determine y(-7).
-6
Let k(l) = l**2 - 85*l + 1813. What is k(40)?
13
Let x(b) = -5*b**2 + 140*b + 3. What is x(28)?
3
Let l(v) = 236*v - 970. Determine l(4).
-26
Let q(u) = 2*u**2 - 112*u + 152. Give q(54).
-64
Let b(t) = -440*t + 3522. Calculate b(8).
2
Let d(r) = -r**2 + 80*r + 20. Give d(0).
20
Let j(x) = -x**2 - 39*x + 372. Give j(-39).
372
Let o(m) = -4*m**3 + 4*m**2 - 2*m - 2. Calculate o(-2).
50
Let v(f) = 7*f - 167. Give v(28).
29
Let i(v) = -29*v + 132. Give i(4).
16
Let m(s) = -s**2 + 20*s - 50. Give m(7).
41
Let v(u) = -7830*u - 46984. Give v(-6).
-4
Let g(m) = 108*m + 1575. Calculate g(-15).
-45
Let c(w) = -2*w**3 - 120*w**2 - w + 5. Determine c(0).
5
Let k(q) = -7*q**3 + q**2 - q - 21. What is k(0)?
-21
Let s(a) = -a**3 - 17*a**2 - 58*a + 27. Give s(-12).
3
Let v(k) = -2*k**3 - 19*k**2 - 36*k - 464. Give v(-10).
-4
Let g(d) = 2*d**3 + 6*d**2 - 11*d - 56. Calculate g(-4).
-44
Let v(a) = a**2 + 46*a + 185. Calculate v(-42).
17
Let o(g) = -g**3 + 63*g**2 - 118*g + 175. Give o(61).
419
Let k(p) = -117*p**2 - 162*p - 6. Calculate k(-4).
-1230
Let u(m) = m**2 + 235*m + 1171. Calculate u(-5).
21
Let o(d) = -248*d + 367. Determine o(1).
119
Let k(f) = -f**2 + 124*f - 485. Determine k(4).
-5
Let m(l) = -l**2 - 62*l + 4667. Give m(-106).
3
Let p(o) = 3*o**3 - 22*o**2 + 37*o - 80. Give p(6).
-2
Let m(i) = -i**2 - 10*i + 14. What is m(0)?
14
Let d(c) = -c**3 + 14*c**2 + 2*c - 58. Calculate d(15).
-253
Let u(h) = 2*h + 1. Give u(9).
19
Let c(w) = w**2 - 161*w + 2398. Give c(16).
78
Let o(v) = v**3 + 10*v**2 - 37*v + 23. Determine o(-13).
-3
Let o(a) = -45*a**2 - 40*a - 111. Give o(-3).
-396
Let n(z) = 2*z**3 - 312*z**2 + 2645*z + 151. Determine n(147).
4
Let m(s) = -7*s**3 - 36*s**2 - 18*s + 2. Give m(-3).
-79
Let z(w) = -w**2 + 54*w - 437. Give z(10).
3
Let n(o) = 7*o**2 + 52*o + 53. Calculate n(-7).
32
Let d(a) = -9*a**3 + 11*a**2 - 31*a + 26. Give d(3).
-211
Let g(n) = 13*n + 435. Determine g(-26).
97
Let v(c) = -c**2 - 190*c - 6831. Calculate v(-142).
-15
Let a(f) = f**3 + 35*f**2 - 71*f + 112. Give a(-37).
1
Let a(l) = -l**2 - 51*l + 247. What is a(5)?
-33
Let n(y) = -y**2 + 7*y + 1942. Give n(47).
62
Let u(s) = 3*s**3 + 5*s**2 - 3*s - 3. Determine u(0).
-3
Let h(v) = 5*v**3 - 154*v**2 - 23*v + 10. What is h(31)?
258
Let l(b) = -2*b**3 + 22*b**2 - 40*b + 25. Give l(9).
-11
Let u(g) = 5264*g - 5. Calculate u(0).
-5
Let p(f) = 22*f**2 - 61*f - 7. Give p(4).
101
Let s(i) = 15*i**3 - 92*i**2 + 71*i + 74. What is s(5)?
4
Let a(c) = -1506*c + 4451. Calculate a(3).
-67
Let y(a) = -a**2 - 49*a - 48. What is y(-48)?
0
Let j(h) = -279*h - 44118. What is j(-158)?
-36
Let a(s) = -s**3 + 10*s**2 + 96*s - 7. Calculate a(-6).
-7
Let x(v) = -108*v - 4088. What is x(-38)?
16
Let i(s) = -7*s**2 + 43*s - 49. Calculate i(2).
9
Let s(q) = 2*q**3 - q**2 + 5*q - 1. What is s(1)?
5
Let t(o) = -2*o**2 - 168*o + 3195. Calculate t(16).
-5
Let k(v) = -v**3 + 16*v**2 + 18*v + 36. What is k(17)?
53
Let j(n) = 10*n**2 - 210*n + 83. Calculate j(20).
-117
Let f(x) = -2*x**3 - 17*x**2 + 9*x + 17. What is f(-9)?
17
Let v(k) = k**2 + 140*k + 4798. Give v(-81).
19
Let v(c) = 382*c + 9558. Determine v(-25).
8
Let q(g) = -5*g**2 + 385*g + 1204. Give q(-3).
4
Let h(v) = -36*v + 2835. Calculate h(79).
-9
Let o(m) = m + 114. Calculate o(-56).
58
Let m(r) = r**3 - 29*r**2 - 19*r + 533. Determine m(29).
-18
Let c(b) = 79*b - 3. What is c(2)?
155
Let k(t) = -2356*t + 14152. Calculate k(6).
16
Let r(z) = -6*z**2 - 19*z - 15. Calculate r(4).
-187
Let g(c) = 3*c**2 - 69*c - 7. What is g(24)?
65
Let i(f) = -447*f + 1787. Determine i(4).
-1
Let r(g) = -694*g - 4851. What is r(-7)?
7
Let n(s) = -s**2 - 32*s - 119. What is n(-9)?
88
Let h(s) = 65*s + 2118. Determine h(-32).
38
Let j(i) = -i**3 + 30*i**2 - 38*i + 105. Give j(29).
-156
Let l(c) = 212*c + 137. Give l(-1).
-75
Let h(d) = 4*d**3 + 30*d**2 - 5*d - 99. Give h(-7).
34
Let d(l) = -185*l - 7404. Calculate d(-40).
-4
Let o(h) = 98*h + 3. Give o(-2).
-193
Let r(k) = k**3 + 51*k**2 + 53*k + 142. What is r(-50)?
-8
Let s(w) = -w**3 + 41*w**2 + 179*w - 55. What is s(45)?
-100
Let z(p) = -52*p + 4685. Determine z(91).
-47
Let g(w) = 8*w**3 + 18*w**2 - 2*w + 